hat is the value of 0 - (6 + -2) - (-2 + 2)?
-4
Evaluate 4 + (3 - 5) + -2 + -2.
-2
-4 - (1 + -2 + -2 - -1)
-2
Evaluate -3 - -1 - (3 + 1 - 1).
-5
Evaluate 2 - 0 - (-2 + 7).
-3
What is -2 + 8 - 7 - 8?
-9
Evaluate -4 - (-19 - -13 - (1 - 0)).
3
Evaluate 5 + -9 + -2 + 2.
-4
Calculate -1 - (0 + 1 - 2) - -3.
3
1 + -4 + (3 - 2 - 1)
-3
(-5 - -4 - -4 - 7) + 7
3
Calculate 4 + (0 - (1 + -2)).
5
8 + (-1 - 2 - (-15 + 13))
7
Calculate -6 - -1 - (-5 + 6).
-6
What is -6 + 1 - -5 - 1?
-1
(6 - 4 - 8) + 0 - -1
-5
Calculate -3 + -1 - (29 + -29).
-4
What is the value of (-7 - -7 - (-2 + 12)) + 4?
-6
Calculate (2 - -1) + (-5 - -4) + -2.
0
Calculate (8 - (-4 + 10)) + -5 + 1.
-2
What is -3 + -1 - (0 + -3)?
-1
What is the value of (12 - (0 - -4)) + 2?
10
Evaluate -3 - 4 - 1 - -4.
-4
Evaluate -2 - (11 + -8 - (9 - 0)).
4
Calculate 4 + (5 + -4 - 3) + -1.
1
What is -2 - 0 - (0 + -6)?
4
What is 2 - (-3 + 8 + -5)?
2
Calculate 0 - (2 + -15 + 5 + 1).
7
What is -2 - ((-30 - -34) + (-9 - 0))?
3
Calculate 0 + -8 - (-21 - (-20 + 15)).
8
Calculate -12 + 2 + 2 + -10 + 14.
-4
Evaluate 3 + (4 - (4 - 0)) + -7.
-4
What is the value of -1 + -2 + 2 + -2?
-3
Evaluate -15 - -12 - (-4 + 0).
1
What is the value of -2 - ((3 - (3 - 2)) + 0)?
-4
What is -3 - (-12 + 8 + (4 - 11))?
8
What is the value of 0 + -1 + (13 - 5 - 6)?
1
What is the value of 1 + 2 + 6 + -2 + -2?
5
What is -1 + 13 + 189 + -208?
-7
Evaluate -2 + (10 - 7) + -5.
-4
Evaluate 0 + 4 + (-3 - (-7 - -5)).
3
What is -14 - (2 - 24) - (2 + -1)?
7
Evaluate -9 - (1 + 8 + -5 + -9).
-4
What is (6 - (-1 + 1)) + -130 + 124?
0
What is the value of (-7 - -5) + (2 - 0) - -2?
2
12 - (-2 + 2 + 6)
6
15 + -17 + (-3 - -8)
3
What is (7 - 0) + -5 + 2?
4
What is -3 + -5 + (-2 - -11) + -5?
-4
What is the value of (16 - 6 - 1) + -9?
0
2 + 3 + 6 + -2 + -1
8
Evaluate -11 - (-8 - (-9 - -10)).
-2
What is the value of -2 + -5 - 0 - -1?
-6
Evaluate -5 + 1 - (1 - 6).
1
1 + -9 - (9 + -23)
6
Calculate -11 + 6 + 12 - -2.
9
What is 10 + -5 + -9 - (2 - -1)?
-7
Evaluate (2 - (13 - 7) - 3) + 1.
-6
Evaluate -3 - (5 - (6 - 2)).
-4
(2 - 0) + 8 + -1 + -4
5
(3 - 4) + 7 + -5 + -1
0
Calculate (-43 - -36) + 7 + -1 + -6.
-7
What is -6 - (-6 - (-4 + 1 - 3))?
-6
What is the value of -1 + (7 - (0 - (4 + -11)))?
-1
Calculate -6 - -5 - (-2 - 0).
1
Calculate -8 - (-2 - (6 + 1)).
1
Evaluate -1 + -8 + 7 + -3 + 9.
4
Calculate (12 + -1 - (-12 + 16)) + -3.
4
What is -14 + 26 - (2 - -8)?
2
What is (-29 - -27) + 1 + -1?
-2
What is the value of (-3 - (2 + -4)) + -2 - -1?
-2
Evaluate 0 + (-3 - (-8 + 3) - -3).
5
What is the value of -3 - ((1 - 1) + -3 - -3)?
-3
What is (1 + 1 + 0 - -1) + 1?
4
What is -10 + 2 - (-5 + 1) - -6?
2
What is -4 + (0 - -4 - 3) + 0?
-3
What is the value of 7 - 8 - (-1 - -2)?
-2
3 - (3 + -3) - (0 + -1)
4
What is the value of (1 - -5) + 13 + -6 - 5?
8
What is -11 + (22 + 3 - 9)?
5
Calculate (-5 - 1) + (5 - (6 + 0)).
-7
What is the value of 1 + (6 - 0) + -5?
2
Calculate (-6 - (-1 - 0)) + 7.
2
Evaluate -9 - (-8 - (-11 + 6)).
-6
0 + (-5 - -9) + -23 + 16
-3
What is (2 - (1 + -3)) + (14 - 21)?
-3
What is the value of -1 + 1 - (3 - (3 - 8))?
-8
What is (2 - -3) + 0 - (0 + 4)?
1
3 - (-3 + 1 - -1 - -1)
3
Calculate (0 - -5 - 4) + (-6 - -1).
-4
3 + (4 + 0 - -4)
11
Calculate 3 + -1 - -2 - -1.
5
What is -3 + (3 - 0 - 2)?
-2
What is -2 - (-6 + 3 + 1)?
0
What is the value of (4 + -7 - -5) + -4?
-2
Calculate -1 + -3 - (-2 + 0).
-2
What is (12 - 12) + (-1 - 0) - 0?
-1
What is the value of 6 + -4 + (6 - (0 - -2))?
6
What is -6 + 2 + 5 + -1 + -4?
-4
-3 + (-2 - (-7 + 2 + 4))
-4
Calculate 2 - -7 - 2 - (59 - 59).
7
Evaluate (4 - -3) + -10 - 1 - 0.
-4
Evaluate 7 + 5 + -5 + -4 + 2.
5
What is -1 - ((-6 - -2) + 6)?
-3
What is -3 + (4 - 2) + -2 + -1?
-4
What is the value of (-1 - (1 + -2)) + -3 + 7?
4
What is the value of 14 + -13 + (1 - -1)?
3
-2 - 1 - (-11 + 9)
-1
What is the value of (7 - (12 - -1)) + 6?
0
Evaluate -12 + 3 - (0 - 4).
-5
-1 - (4 - (0 + (-4 - -5)))
-4
What is the value of 17 + (-16 - -6) - (14 + 1)?
-8
What is the value of -3 - (-6 + (-2 - (5 - 5)))?
5
-9 + 3 + 5 - (-4 - 2)
5
What is 1 + 1 + 5 + -2?
5
-4 + 13 + -7 + (0 - 7)
-5
What is the value of 0 - 1 - (1 + -9 - -3)?
4
Calculate (12 - 6 - -1) + -5 + 2.
4
102 - 99 - (2 + 1 + -1)
1
What is -14 + (-9 - -5) + 14?
-4
-6 + 3 - (-5 - -2)
0
2 + -9 + 3 + 1 + -2
-5
-7 - (-6 + 0 - -1)
-2
Evaluate (26 - 30) + (4 - (1 - 1)).
0
Evaluate 7 + 1 - (-40 + 42).
6
What is (-1 - (0 - 0)) + 4?
3
Evaluate 0 + 17 + -2 + (-188 - -184).
11
What is the value of -1 + 1 + 3 - (1 - 2)?
4
Evaluate -5 + (-4 - -9) + 4.
4
Calculate 4 - (1 + 0 + -4 + 6).
1
-10 - -7 - (-3 - -2)
-2
What is -5 - 0 - (-4 + 3)?
-4
What is 6 + (-1 - 5) + 5?
5
(-18 - -10 - 5) + 6
-7
Calculate 8 + (-6 - 17 - -7).
-8
What is the value of (-18 - -14) + (2 - (-2 + 0))?
0
Calculate -1 + (-1 - -8) + -2 + 0.
4
Evaluate (-1 - 0) + 0 + 7 + -10.
-4
Calculate -5 - (-6 + 10) - (-1 - 3).
-5
-4 - ((3 + 0 - 2) + -1)
-4
-2 + 4 + -3 + 1
0
What is the value of -3 + 7 + (1 - 4)?
1
8 - ((2 - -4) + 2)
0
What is (18 - 9) + -17 + 1?
-7
What is -7 - (3 + (-3 - 1) - 2)?
-4
Calculate 7 + (-4 - (8 - 6)).
1
What is the value of 0 + 4 + -4 - 0?
0
11 - (12 + (-12 - -4))
7
What is -4 - (4 - (1 + 1 + 12))?
6
Evaluate 4 + -1 + 1 + (-7 - -6).
3
Calculate (2 - (6 - 12 - -16)) + 4.
-4
4 - -1 - (-17 - -21)
1
-2 + 8 - (8 + -2 + 3)
-3
-3 + 9 + (9 - 18)
-3
What is the value of 4 + (6 - 5) + 7 - 8?
4
What is the value of 1 + (3 - 2) - 9?
-7
What is the value of 6 + -16 + (14 - 0)?
4
-7 + (2 + -2 - (6 - 10))
-3
Evaluate (-1 - 9) + -3 + 5.
-8
What is (-17 - -18 - (1 + 0)) + -3?
-3
4 - (16 - 18 - (-2 - 10))
-6
Calculate 3 - (5 + -3 + 4 - 3).
0
What is the value of -10 + 6 - 5 - -2?
-7
2 - 2 - (4 - 7 - -3)
0
What is (1 - (7 - (-2 + 3))) + 13?
8
What is -19 + 6 + 15 - (7 - 1)?
-4
What is the value of -2 - (-10 - (7 - 7) - -2)?
6
What is the value of -8 - (-9 - 7) - (16 + -2)?
-6
Evaluate (7 + -13 - (-4 - -1)) + 10.
7
0 - (-1 + -3 + (-17 - -19))
2
Evaluate -2 + 4 + (-3 - -5 - 5).
-1
What is the value of 9 + -7 - 4 - -7?
5
What is the value of 136 + -131 - (0 - 0 - -2)?
3
What is the value of 11 - 6 - 1 - (1 + 4)?
-1
Calculate 4 - (-1 + -2 + 9).
-2
-4 - -3 - (-6 - -4)
1
-11 + (3 - -7) + -4
-5
Evaluate (-4 - -20) + -9 + -10.
-3
(-4 - -2 - -1) + 5
4
Evaluate (1 - 3) + -4 + 4.
-2
Calculate 9 + -9 + -2 + 0 - 1.
-3
-2 - 14 - (69 - 77)
-8
What is -2 - (-2 - -6 - 3)?
-3
What is 2 + (4 + 0 - 2) - 9?
-5
Calculate -7 - (-3 - (4 - -2)).
2
Evaluate 2 + -4 + 5 + (24 - 25).
2
What is the value of (-1 - (2 - 0)) + 2 + -2?
-3
(-2 - -8) + 3 + (-13 - -3)
-1
Calculate (-2 - (-7 + -4)) + -7.
2
Evaluate 4 + (-1 + 2 - 2) - 3.
0
Evaluate 3 + (-2 - 5) + 8.
4
What is the value of (-3 - (-8 + -5)) + -13?
-3
Evaluate -8 - -4 - (-1 + -6).
3
What is the value of 6 + -3 - (2 - (-1 + -5))?
-5
Evaluate 3 + (-2 - (5 + 0)).
-4
Calculate 7 - ((0 - (-6 - -2)) + 1).
2
What is the value of (-4 - -8) + -5 + (6 - 2)?
3
Evaluate (2 - 8) + -13 + 11.
-8
What is -3 - (2 - (-2 - -3))?
-4
3 - 1 - (-6 - (6 - 12))
2
What is the value of 0 + 0 - (-20 - -22)?
-2
What is the value of -2 - (-2 + 4 + -5 + -1)?
2
Calculate -50 + 53 - (1 - 11) - 3.
10
What is the value of 0 - 4 - (-8 - -7)?
-3
(31 - 14) + -3 + -7
7
Calculate (9 + -5 - -1) + (-1 - 3).
1
Evaluate -4 + 1 - (-8 + 1).
4
What is 20 - (-8 - -20) - 10?
-2
(6 - 2) + (-1 - 5)
-2
-4 + -1 - (4 - 10)
1
What is the value of (7 - 9) + (1 - -3) + 2?
4
Calculate 0 + -15 + 6 - (-6 + 1).
-4
What is -4 - (8 + -8 - (-2 - -1))?
-5
Evaluate -1 + 6 + -3 + -5 - -3.
0
What is the value of -1 + -2 + 0 + (-87 - -91)?
1
What is the value of 5 - 4 - -3 - (7 + 1)?
-4
Calculate (4 - 5) + 16 + -1 - 6.
8
Evaluate -29 + 31 + (1 - -1).
4
What is -15 + 18 - ((-1 - -3) + 6)?
-5
Calculate (3 + -3 - -2) + -3 - -2.
1
-8 + 13 - 8 - (-7 - 0)
4
14 + -5 + 10 + -10
9
What is the value of 1 + -1 + -4 - (-10 + 11)?
-5
Evaluate -1 + 2 + -3 + 9.
7
What is (-6 - (2 - 7)) + -1 + -2?
-4
What is 9 + (-13 - 4) + 4?
-4
What is -2 - -3 - 5 - 1?
-5
What is the value of -10 + 0 + (15 + 2 - 11)?
-4
Evaluate (-19 + 20 - (2 - 1)) + -4.
-4
Evaluate (-2 - -4) + 1 + 0.
3
What is the value of 9 + 1 + -7 + 6 + -6?
3
What is the value of 1 + (-4 + 0 - -8)?
5
What is -1 + 1 + -4 + 0?
-4
What is 1 + -1 + (-4 - 14 - -24)?
6
What is the value of (-1 - -1) + (6 - 7) + 2?
1
What is th